1*r + 19517757 = -26*r. Is r a prime number?
True
Let q(z) be the first derivative of 2578*z**3/3 - 5*z**2 + 11*z - 37. Is q(1) prime?
True
Suppose 40188 - 128650 = -11*i. Suppose -q - 4*h - h + i = 0, 5*q + 2*h = 40279. Is q a composite number?
True
Let t be 7 - 1 - 12/((-36)/30579). Let f = t - 6540. Is f a prime number?
True
Let y(k) = 6*k - 38. Let z be y(7). Suppose u - 152135 = -z*u. Is u a prime number?
True
Let t be 7/(98/38) + 2/7. Suppose -23*c + 26*c - 28159 = -4*o, t*o - 21115 = 2*c. Is o prime?
True
Suppose -4*f = -16*f + 79500. Let q = f - 4162. Is q a prime number?
False
Let r be (-28)/(-8)*(7 - (-81)/(-63)). Let b(j) = j**3 - 7*j**2 - 101*j - 17. Is b(r) composite?
False
Suppose u + 5*z - 25 = 0, -45 = 4*u - 9*u - 5*z. Suppose -3*g - 3407 = -u*f, -8*f + 5*f + 2041 = -g. Is f prime?
False
Is (-27 + 20 - -10) + 83810 a composite number?
False
Let c = -52 - -57. Suppose 14 = 7*i - c*i. Suppose 0 = 4*l + 3*r - 103, -2*l + i = -4*r - 17. Is l prime?
False
Let x(r) = -r**3 + r**2 + 5*r + 113. Let m be x(0). Let z = 122 - m. Suppose z*v - 16930 = -v. Is v composite?
False
Suppose -83177 = -3*i - 5*l, -2*i + 2*l = -80291 + 24813. Suppose -3*j = g - 11062, -2*g - 4*j + i - 5616 = 0. Is g a composite number?
True
Suppose 7919 = 2*x - 3*q, -6*x - 7914 = -8*x - 2*q. Suppose 5*k + d - 35345 = 0, -3111 = -k + 4*d + x. Is k prime?
True
Let g(r) = 105*r**2 - 9*r - 23. Is g(-5) prime?
True
Let d be 9*1*68/(-204). Is (6 - (-33265)/d)/(1/(-3)) prime?
True
Suppose 16*f - 4 = 18*f. Is (34 + -32)*(-4197)/f prime?
False
Let r be 6/(-4)*8/(-3) + 0. Suppose 0 = -r*s - 2*s - 18. Let b(d) = -70*d + 7. Is b(s) composite?
True
Let p be -1*2/(-1 - (-20)/28). Let d(x) = 9 - 426*x - p + 11. Is d(-3) composite?
False
Suppose 4*l + 5*p = 88190, 3*p - 2*p + 66133 = 3*l. Is l a composite number?
True
Is (-88181)/(-4) + (-2)/5*(-75)/(-120) composite?
True
Is (1 - -1117) + 41/((-1435)/105) a prime number?
False
Let c = 2493 + 431. Suppose -1159 - c = -3*g. Is g a prime number?
True
Suppose 33 = a + 2*a. Suppose -a = -3*t + 13. Is 159 - (-1)/(4/t) composite?
True
Suppose 5*u - 227017 = -2*k, -76*u = -79*u + 4*k + 136205. Is u a composite number?
False
Let x be (105/(-14))/(3/764). Let i(w) = -142*w - 25. Let z be i(23). Let f = x - z. Is f composite?
False
Suppose 3*t + 279 + 15 = f, -5*f + 1410 = 5*t. Suppose -5*a = 3*l + 275, -4*a - l + 65 = f. Is (-83)/(a/25 - -2) a prime number?
False
Let r = 32 - 29. Let v be (44/r + 4)/(1/54). Suppose 5*l - 2063 - 442 = 5*c, -v = -2*l + 5*c. Is l a prime number?
True
Let n(d) = 213*d**3 - 8*d**2 - 4*d - 9. Is n(8) a prime number?
True
Suppose 50 = 7*n + 8. Is 0 + n/16 + (-642068)/(-32) prime?
False
Suppose -38*l + 5905902 = 60*l + 4*l. Is l composite?
False
Suppose l - 17 = -4*n - 1, 4*n - 32 = -5*l. Suppose -6*i + 3216 = -n*i. Let j = i - -463. Is j composite?
True
Suppose 51*t - 47*t = 1384. Suppose 0 = -2*x + 3*x - t. Is x a composite number?
True
Let l(j) = 7*j**3 + 4*j - 7. Let z be l(-7). Let x = 2612 - -1017. Let n = z + x. Is n a prime number?
True
Suppose -p + 2 = k, -4*k + 0*k = 5*p - 13. Suppose -2*n + a + 978 = 3*a, -2410 = -5*n + 2*a. Let b = n - k. Is b a composite number?
False
Let u = -6850 - 127. Let w = u + 16944. Is w a prime number?
True
Suppose -51*o = -61*o + 9350. Suppose 10*i + o = 15*i. Is i prime?
False
Let u = 114158 + -54807. Is u a prime number?
True
Suppose 0 = 35*z - 101 - 319. Suppose z*g - 17364 = -6624. Is g a composite number?
True
Let f = 8 - 8. Let v be -2*1 + 100/25 + 5030. Suppose 2*x - 10*x + v = f. Is x a composite number?
True
Let z(d) be the second derivative of 181*d**4/12 + 13*d**2/2 - 14*d + 2. Is z(-6) a composite number?
False
Is 8/14 - 304184781/(-861) a prime number?
True
Let r(n) = -n**3 - 4*n**2 + 11*n - 12. Let q be r(-6). Is ((6320/(-15))/8)/(2/q) a prime number?
False
Suppose -2*b = -6*b + 3*p + 40, -2*p - 8 = 0. Suppose b*g = 92367 + 78692. Is g composite?
True
Is 0 - (-36852 - (3 + -9 - -5 - 4)) a composite number?
False
Let h be -5 - ((-64890)/6 + 5). Let f = h + -822. Is f prime?
False
Suppose 2*j - 10 = -4*a, 4*j + 3*a - 32 = a. Suppose -2039 - 6160 = -j*w. Is w prime?
True
Let b = 1542066 + -721359. Is b prime?
False
Suppose 8*z + 0*s - 517956 = -4*s, -323745 = -5*z + 2*s. Is z a composite number?
False
Let g(p) be the first derivative of -347*p**2 + 103*p + 134. Is g(-6) composite?
True
Let n(h) = 5*h + 15. Let l be n(-3). Suppose -5*a + 50650 = -5*c, -6*c + 3*c - 3 = l. Is a prime?
False
Let a be ((-1174)/(-4))/(4/280). Suppose 0 = -15*s + 10*s + a. Is s a prime number?
False
Is (-1143687)/(-15)*305/61 a composite number?
True
Let x = -1776897 + 2517324. Is x a prime number?
False
Let c(n) = -101*n**3 - 4*n**2 - 2. Let a be c(-4). Suppose 2*m - b - a - 63 = 0, 5*m - 3*b - 16153 = 0. Let q = -2115 + m. Is q a prime number?
False
Suppose -20*t = 39 + 141. Let x(d) = -2*d + 9. Let g(m) = -8*m + 35. Let l(j) = t*x(j) + 2*g(j). Is l(17) prime?
True
Is 9776284/63 - (480/(-54) + 9) prime?
False
Let m(u) = 91*u - 575. Is m(36) prime?
False
Let d = -31399 - -45012. Is d a prime number?
True
Let t(q) = -75*q**3 - 17*q**2 + 38*q + 191. Is t(-18) composite?
False
Suppose -5*y - 64 = 3*o, -2*y = -20*o + 23*o + 58. Let k(d) = d**3 + 23*d**2 + 36*d - 17. Is k(o) a prime number?
False
Suppose 10*a - 2116880 = 501510. Is a a prime number?
False
Let u be (-1)/(((-4)/(-5) - -1) + -2). Suppose -q - 8 = 2*p, q - 2*q = u*p + 20. Is q + (20 - 1)*1 a prime number?
True
Let p = 1503 + -58. Suppose 5*n - 733 = -2*g, 0 = -4*g + 5*n - 8*n + p. Is g composite?
False
Suppose -7 - 359 = -6*j. Let l = 436 + j. Is l prime?
False
Let l(q) = -52*q + 47. Let f be l(-9). Let a = 4715 + -1181. Let k = f + a. Is k prime?
True
Let g(l) be the second derivative of -914*l**3/3 + 3*l**2/2 + 7*l - 8. Is g(-7) a composite number?
False
Is 2 - (-36)/(-21) - (-280)/49 - -405 prime?
False
Suppose -9*x - 2*x + x = 0. Suppose 5*u + 5*m - 8*m - 47923 = x, 4*u + 3*m - 38360 = 0. Is u prime?
True
Let v(t) = 2*t - 75. Let l be v(17). Let d(q) = q**3 + 44*q**2 + 6*q - 70. Is d(l) composite?
True
Suppose -4*k + 5*k + 3*p = 95, 2*p = 5*k - 441. Suppose -4*q = q - 135. Let t = k - q. Is t prime?
False
Let w = 10894 + -5595. Let s = w - -1534. Is s a composite number?
False
Let j = -43 + 86. Suppose -47*o + 836 = -j*o. Is o a composite number?
True
Let v(h) = -8*h - 2*h + 0*h - 93158 + 14*h**2 + 93165. Suppose -4*w + 8 = -8. Is v(w) a prime number?
True
Let t(m) = 6 + 13 + 2*m - 31 + 14. Let n be t(0). Is -3566*n/(4 - 8) prime?
True
Suppose -23133 = -14*x + 1213. Is x a prime number?
False
Suppose -9*f = -23*f - 11*f + 8706725. Is f a composite number?
False
Is (-516469501)/(-824) - 21/56 a prime number?
True
Suppose -5*r - 20*m + 177569 = -22*m, 71028 = 2*r - m. Is r a composite number?
True
Let n be (21/9 + 2)*(-5 + -1). Let k(o) = -3*o - 81. Let f be k(n). Is (-4)/12*1049*f a composite number?
False
Let h(v) = v**2 + 11*v - 16. Let p be h(-14). Suppose 3*k + 1 = -4*z + p, -z + 3 = 4*k. Suppose -z*g + 1036 = -3*g. Is g prime?
False
Let j = -720 + 723. Let l(d) = 87*d**3 - d**2 - 6*d + 13. Is l(j) a composite number?
True
Suppose -9245 = -18*o + 23*o. Let z = -1050 - o. Is z composite?
True
Suppose -f + 4*v + 4208 = 0, 16854 = 4*f + 321*v - 326*v. Let d be 34/4 - 2/(-4). Suppose p + f = d*p. Is p a composite number?
True
Let o(v) = 1708*v - 59. Suppose 2*q + 14 = -5*z, 0 = -2*q - 3*z - 3 - 3. Is o(q) a composite number?
True
Let v = -279074 - -657751. Is v prime?
False
Suppose -5*r = 5*b - 55, 3*r + 2*r - 65 = -3*b. Suppose 0 = r*k - 182840 - 330744. Is k composite?
False
Let l(x) = -186*x**2 - 15*x + 43. Let d(a) = -372*a**2 - 30*a + 85. Let q(h) = -3*d(h) + 5*l(h). Is q(9) a prime number?
True
Let k(z) = 36398*z**2 + 13*z + 3. Is k(-2) prime?
False
Is ((-4)/16)/(((-1)/(-2))/(14 + -6059220)) prime?
True
Let w = -43303 + 159942. Is w composite?
False
Suppose 0 = -15*w + 18*w + 35*w - 3428474. Is w a composite number?
True
Suppose -80*p + 78*p + 170272 = -5*x, 18 = -3*x. Is p prime?
True
Suppose 3*x - 915651 = 6*m, -3*x + 243*m - 242*m + 915631 = 0. Is x a prime number?
True
Let s(g) = -3*g - 27. Let q be s(-10). Suppose 4*x + 6 = q*x. Let y(c) = -69*c - 7. Is y(x) composite?
True
Let d(z) = -2*z - z**3 + 8*z**3 + 4 -